1 - 10 - 16*i + 3 - 10. What is the remainder when z(-3) is divided by 5?
2
Let v(f) = -3*f + 1. Let d be (-2 - 1/1)/((-54)/72). Suppose 0*m - m + 7 = h, -d*m = h - 16. Calculate the remainder when v(-1) is divided by h.
0
Suppose -3773 = -38*a - 201. Calculate the remainder when a is divided by 27.
13
Let b = -131 - -116. Let q(c) = c**3 + 15*c**2 - 15*c + 14. Calculate the remainder when q(b) is divided by 15.
14
Let p be (-2)/3*-3 + 1. Suppose -n = -p*n + 60. Let t(l) = 7*l**2 - 33*l + 46. Calculate the remainder when t(5) is divided by n.
26
Let g = 98 + -68. Suppose 0 = 2*m + 2*m + 4*x - 4, 3*x = 4*m - 25. Suppose m*n = n + g. What is the remainder when 19 is divided by n?
9
Suppose -32 = 2*p - p. Let k = p - -72. Calculate the remainder when k is divided by 2/((4 + 2)/42).
12
Let f(r) = r**3 - 22*r**2 - r + 25. Let x be (5 - (1 - 2))*(-198)/(-54). Let t = -42 + 46. What is the remainder when t is divided by f(x)?
1
Suppose 18*l - 39*l + 3465 = 0. Calculate the remainder when l is divided by 77.
11
Let j(l) = -l + 20. Let s be j(0). Suppose 4*m = -8, -6*m = x - 3*m - s. What is the remainder when 75 is divided by 3/(10 + -4)*x?
10
Suppose 268*r = 254*r - 660*r + 394964. What is the remainder when 1207 is divided by r?
35
Let d = 0 - -32. Let w(t) = t**2 + 13*t + 27. Let c(f) = -f**2 + f + 3. Let u be c(5). Calculate the remainder when w(u) is divided by d.
31
What is the remainder when 7703 - (-10 + (-5 - -20)) is divided by 275?
273
Let q(x) = 2*x**2 - 122*x + 960. What is the remainder when 153 is divided by q(53)?
41
Let w = 291 - 59. What is the remainder when 246 is divided by w?
14
Let r(z) = -10*z + 59. Let q(c) = 4*c - 20. Let d(o) = 11*q(o) + 4*r(o). Let v = 12 + -9. What is the remainder when d(v) is divided by 17?
11
Suppose -2*h + p = -14 + 15, 5*h - 15 = -p. Suppose -h*f + 58 = q, 5*f + 3*q - 110 - 34 = 0. What is the remainder when f is divided by 4?
2
Suppose 0 = 4*k - 8*k + 216. Let c = k + -47. Suppose c = 24*r - 23*r. Calculate the remainder when 31 is divided by r.
3
Let o = -3 - -7. Suppose -48*s + 7560 = -69*s. Let m = -350 - s. What is the remainder when m is divided by o?
2
Let x = 315 - 328. Let p(l) = l**3 + 13*l**2 - 5*l - 9. Suppose -2*n = -3*w + 6*w - 80, -2*n = -3*w + 100. What is the remainder when p(x) is divided by w?
26
Suppose 3*o - 5 = 2*o. Suppose o*x - 3*m + m - 216 = 0, 0 = 5*x + 2*m - 204. Let j = x - -20. What is the remainder when j is divided by 21?
20
Let t = -45 - -47. Let p(c) = -14*c - 1. Let x be p(t). Let o = x + 49. Calculate the remainder when 35 is divided by o.
15
Let i(k) = 111*k - 766. Calculate the remainder when 244 is divided by i(9).
11
Let j(r) = 29*r + 111. What is the remainder when ((-4)/(48/39))/((-1)/48) is divided by j(-2)?
50
Let o = 853 + 102. Suppose 5*u + o = 5*x, x = 6*x + 5*u - 955. What is the remainder when x is divided by 24?
23
What is the remainder when 2710 is divided by (-225)/(((-2)/(-10))/(12/(-15)))?
10
Suppose 13493 = -403*z + 323803. What is the remainder when z is divided by 31?
26
Suppose -2*z - 4*n + 28 = 0, 2*z - 5*n + 7 + 1 = 0. What is the remainder when ((-292)/10)/(-16 + 390/25) is divided by z?
1
Let m(h) = -2*h**2 - 25*h + 45. Let g be m(-14). Suppose -8 = 4*d, -5*l - g*d = -48 - 196. Calculate the remainder when l is divided by 39.
11
Let f be -5 - -1*(-1088)/(-8). Let h be 10/(-4)*6/(-5). Suppose h*v - f - 28 = 0. What is the remainder when v is divided by 8?
5
Calculate the remainder when 3*11/528 + (-54974)/(-32) is divided by 74.
16
Let r = 113 - 89. Let k(j) = -j**2 + j - 19. Let w(n) = 5*n**2 - 5*n + 96. Let h(f) = -11*k(f) - 2*w(f). Calculate the remainder when h(6) is divided by r.
23
Suppose 0 = -4*y + 20, 6*t - 3*t + y = 1997. Suppose 0 = 6*i - 188 - t. Calculate the remainder when i is divided by 49.
44
Let k(s) = -2*s**2 + 14*s + 37. Let f be k(9). Let c(a) = a**2 - 5*a + 2. Calculate the remainder when 889/(-7)*-1 - f is divided by c(7).
14
Suppose -11*w - 176 = -19*w. What is the remainder when 152 is divided by 4/w - (-3640)/308?
8
Suppose 36*v - 13*v - 5451 = 0. What is the remainder when v is divided by 22?
17
Let j(b) = b**2 + 7*b - 5. Suppose 9*t = 7*t + 8. Let z be 3 - (0 + t)/(-4). Calculate the remainder when j(z) is divided by 11.
6
Let m(j) = -14*j - 74. Suppose -5*d = -3*r + 36, 3*d + 2*r = 4*r - 22. Calculate the remainder when m(d) is divided by 4.
2
Let x be (-3 - -2)/(1/(-3)). Suppose -12 = -x*p + 159. Let y = 72637 - 72625. Calculate the remainder when p is divided by y.
9
Let n be 22958/182 + 2/(-14). Let k = -39 + n. What is the remainder when k is divided by 8?
7
Let b = 0 - -29. Suppose -7*n + 3*n = -32. What is the remainder when b is divided by n?
5
Let h be 33*1*(-6)/18. Let x be (h + 3 - 2)*24. Calculate the remainder when (-2)/7 - x/7 is divided by 6.
4
Suppose 98 = 9*p - 87 - 94. What is the remainder when 430 is divided by p?
27
Suppose 21*v + 19 = -107. Let u(j) = -j**2 - 8*j + 2. Calculate the remainder when 27/(6/(-9) - -1) is divided by u(v).
11
Let j = 83 - 47. Let f be (-4)/16 - (-1170)/40. Let h = j - f. Calculate the remainder when h is divided by 2.
1
Let r(c) = -c**2 + 21*c + 3702. What is the remainder when r(-49) is divided by 230?
42
Let p(u) = -98*u + 5801. Suppose 6*i - 168 = 3*i. Calculate the remainder when i is divided by p(59).
18
Suppose -54*g - 63*g + 32420 = -215620. Calculate the remainder when g is divided by 349.
26
Suppose 3*n - 438*q = -440*q + 27103, 0 = 3*q + 12. What is the remainder when n is divided by 238?
231
Suppose -440 = -5*v - 2*g, 556 = 5*v - 4*g + 116. Let l = -1099 - -899. Calculate the remainder when v is divided by l/(-5) - (-4 + -1).
43
Let p(w) = 3*w**2 - 123*w - 203. What is the remainder when 163 is divided by p(43)?
53
Suppose -5*h + 61 = 2*u - 77, -144 = -5*h + 4*u. Let a be (-1330)/h*(2/(-10) + 1). Let b = a - -53. What is the remainder when 73 is divided by b?
13
Let s(l) = -354*l - 1761. Calculate the remainder when 111 is divided by s(-5).
3
Let i(n) = 51*n + 7. Let c be i(1). Suppose 4*k = 3*l + 116, 3*k - k - l = c. What is the remainder when k is divided by 11?
7
Let q = -9050 + 14814. Calculate the remainder when q is divided by 56.
52
Let j be 7/(21/6)*(-1)/1. Let o(d) = -6*d - 8. What is the remainder when o(-11) is divided by (-435)/(-25) + 3 - j/(-5)?
18
Suppose 51*b - 58*b + 2807 = 0. Calculate the remainder when b is divided by 58.
53
Let o = -28418 - -28517. Calculate the remainder when 140 is divided by o.
41
Suppose 0 = 35*u - 203*u + 305 + 367. What is the remainder when 102 is divided by u?
2
Let z be (-3)/6*9/6*-4. Suppose 4*b + t - 6 = 2, -6 = -z*b + t. Suppose 4*f - b*v - 58 = 2*f, 35 = f + v. What is the remainder when f is divided by 6?
2
Let d = -1 - -3. Let t(m) = 34*m - 2. Let l(o) = 252*o + 1283. What is the remainder when t(d) is divided by l(-5)?
20
Suppose 0 = -3*c + 2*r + 688, c - 2*c + 226 = -4*r. Let k = -223 + c. What is the remainder when 33 is divided by k?
5
Let j be 5*174/(-60)*-2. Suppose 23 = 2*l + 3*r, -3*r - j = -5*l - 3. Calculate the remainder when 18 is divided by l.
4
Suppose -4*o = 23 + 57. Let f = o + 69. Calculate the remainder when 84 is divided by f.
35
Let j = -10 + 12. Suppose -2*t = 2*q - 0*t + 4, -j*t = 3*q + 5. Calculate the remainder when 45 is divided by 19 - q/(-1)*3.
13
Let m = -807 - -1191. Suppose -3*l = 4*k - 1395, l = 4*k + 65 + m. What is the remainder when l is divided by 14?
13
Let l be 40 - (2 - (-1 - -4)). Suppose 12*c - l = 31. Calculate the remainder when 16 is divided by c.
4
Let w(n) = 8*n + 212. Let r be w(-23). Let t(j) = -j**3 + 29*j**2 - 22*j - 81. Calculate the remainder when t(r) is divided by 11.
10
Let s be ((-10)/8 - -1) + 131/(-4). Let m = s + 41. What is the remainder when 1040/35 + (-16)/(-7) + -2 is divided by m?
6
Suppose -8*w - 4416 = -25*w - 6*w. Calculate the remainder when w is divided by 50.
42
Suppose -196 = -7*v + 280. Let y(p) = 24*p - 67. Calculate the remainder when y(14) is divided by v.
65
Let r be -6 + 180 + (4 - 9). Let z = r - 139. What is the remainder when 194 is divided by z?
14
Let c be 5/10 - (-8890)/20. Let v = c - 431. What is the remainder when 963 is divided by v?
11
Calculate the remainder when 21/(1848/(-3179))*-8 is divided by 46.
13
Let w 